prime factors of 296011.
296011
List the prime factors of 920016.
2, 3, 6389
List the prime factors of 5972819.
181, 32999
List the prime factors of 37312827.
3, 19, 654611
What are the prime factors of 7047364?
2, 83, 21227
List the prime factors of 119387.
277, 431
List the prime factors of 326113.
326113
List the prime factors of 5111448.
2, 3, 89, 2393
What are the prime factors of 1004440?
2, 5, 25111
What are the prime factors of 12838763?
7, 1834109
What are the prime factors of 5969827?
5969827
List the prime factors of 314514.
2, 3, 101, 173
List the prime factors of 185455.
5, 29, 1279
What are the prime factors of 210819?
3, 7, 10039
List the prime factors of 1415404.
2, 431, 821
List the prime factors of 225777.
3, 17, 19, 233
What are the prime factors of 2208390?
2, 3, 5, 73613
List the prime factors of 949192.
2, 59, 2011
List the prime factors of 4011705.
3, 5, 59, 1511
List the prime factors of 1559458.
2, 89, 8761
What are the prime factors of 14905829?
2767, 5387
What are the prime factors of 7012754?
2, 7, 500911
What are the prime factors of 3905327?
3905327
List the prime factors of 10805411.
10805411
What are the prime factors of 518137?
518137
What are the prime factors of 1346037?
3, 7, 11, 5827
What are the prime factors of 1439163?
3, 11, 14537
List the prime factors of 57171.
3, 17, 19, 59
List the prime factors of 288276.
2, 3, 24023
What are the prime factors of 11111868?
2, 3, 308663
What are the prime factors of 4000904?
2, 500113
List the prime factors of 26484104.
2, 97, 34129
What are the prime factors of 256019?
256019
List the prime factors of 32209783.
211, 293, 521
List the prime factors of 1862043.
3, 199, 3119
What are the prime factors of 1862258?
2, 931129
List the prime factors of 6148431.
3, 683159
List the prime factors of 60828.
2, 3, 37, 137
List the prime factors of 59631.
3, 11, 13, 139
List the prime factors of 1162165.
5, 232433
List the prime factors of 667335.
3, 5, 17, 2617
List the prime factors of 1099637.
7, 11, 14281
List the prime factors of 2410845.
3, 5, 160723
List the prime factors of 9801722.
2, 7, 421, 1663
List the prime factors of 3880481.
11, 352771
List the prime factors of 5877106.
2, 61, 67, 719
List the prime factors of 691510.
2, 5, 69151
What are the prime factors of 135599?
135599
What are the prime factors of 460603?
11, 13, 3221
What are the prime factors of 592785?
3, 5, 4391
List the prime factors of 1050209.
17, 163, 379
What are the prime factors of 131031?
3, 23, 211
What are the prime factors of 4840175?
5, 193607
List the prime factors of 5623268.
2, 7, 47, 4273
List the prime factors of 42273.
3, 7, 11, 61
List the prime factors of 107635.
5, 11, 19, 103
List the prime factors of 256248.
2, 3, 3559
What are the prime factors of 1819219?
367, 4957
List the prime factors of 985700.
2, 5, 9857
What are the prime factors of 557295?
3, 5, 53, 701
List the prime factors of 49266.
2, 3, 7, 17, 23
What are the prime factors of 18117?
3, 11, 61
List the prime factors of 1294801.
73, 17737
What are the prime factors of 1194643?
23, 51941
What are the prime factors of 269064?
2, 3, 37, 101
List the prime factors of 786224.
2, 49139
What are the prime factors of 797482?
2, 7, 56963
What are the prime factors of 595892?
2, 11, 29, 467
What are the prime factors of 7764711?
3, 19, 136223
What are the prime factors of 1860310?
2, 5, 17, 31, 353
What are the prime factors of 1352293?
1352293
What are the prime factors of 359250?
2, 3, 5, 479
List the prime factors of 10525540.
2, 5, 43, 12239
What are the prime factors of 1449767?
11, 131797
List the prime factors of 29953240.
2, 5, 748831
What are the prime factors of 334064?
2, 20879
List the prime factors of 11573397.
3, 11, 116903
What are the prime factors of 649716?
2, 3, 29, 1867
List the prime factors of 7493179.
61, 122839
What are the prime factors of 351202?
2, 175601
What are the prime factors of 14576838?
2, 3, 19, 127867
List the prime factors of 3490703.
3490703
What are the prime factors of 6147464?
2, 71, 79, 137
What are the prime factors of 474540?
2, 3, 5, 11, 719
What are the prime factors of 520529?
520529
List the prime factors of 150009.
3, 31, 1613
List the prime factors of 451196.
2, 112799
List the prime factors of 981310.
2, 5, 11, 811
List the prime factors of 836698.
2, 418349
What are the prime factors of 3205646?
2, 1602823
What are the prime factors of 629768?
2, 78721
What are the prime factors of 374624?
2, 23, 509
What are the prime factors of 1719876?
2, 3, 331, 433
List the prime factors of 92570.
2, 5, 9257
List the prime factors of 400668.
2, 3, 173, 193
What are the prime factors of 15674?
2, 17, 461
What are the prime factors of 239433?
3, 79811
List the prime factors of 1615123.
43, 37561
What are the prime factors of 22963158?
2, 3, 17, 101, 743
List the prime factors of 268668.
2, 3, 17, 439
What are the prime factors of 2278888?
2, 127, 2243
List the prime factors of 21791.
7, 11, 283
What are the prime factors of 451620?
2, 3, 5, 13, 193
What are the prime factors of 999050?
2, 5, 13, 29, 53
List the prime factors of 20896736.
2, 7, 13327
List the prime factors of 145344.
2, 3, 757
List the prime factors of 138731.
138731
List the prime factors of 2581.
29, 89
List the prime factors of 32764721.
11, 19, 37, 223
List the prime factors of 16757750.
2, 5, 17, 3943
List the prime factors of 265212.
2, 3, 53, 139
What are the prime factors of 230172?
2, 3, 19181
What are the prime factors of 8514069?
3, 2838023
List the prime factors of 615152.
2, 38447
List the prime factors of 869126.
2, 434563
What are the prime factors of 68155?
5, 43, 317
What are the prime factors of 2375206?
2, 17, 69859
What are the prime factors of 2318944?
2, 72467
What are the prime factors of 8951128?
2, 19, 58889
What are the prime factors of 23520022?
2, 47, 53, 4721
What are the prime factors of 28041522?
2, 3, 853, 5479
List the prime factors of 13954.
2, 6977
List the prime factors of 1041681.
3, 347227
List the prime factors of 52646.
2, 11, 2393
List the prime factors of 315844.
2, 281
What are the prime factors of 746591?
113, 6607
What are the prime factors of 226735?
5, 137, 331
List the prime factors of 949602.
2, 3, 101, 1567
What are the prime factors of 445866?
2, 3, 74311
What are the prime factors of 531693?
3, 59077
What are the prime factors of 4694009?
43, 173, 631
What are the prime factors of 134901?
3, 13, 1153
List the prime factors of 9292054.
2, 71, 65437
List the prime factors of 828589.
67, 83, 149
List the prime factors of 1098396.
2, 3, 13, 2347
List the prime factors of 13808929.
47, 229, 1283
List the prime factors of 26925135.
3, 5, 1795009
List the prime factors of 2530064.
2, 158129
What are the prime factors of 100804?
2, 11, 29, 79
List the prime factors of 33735551.
59, 571789
List the prime factors of 5529316.
2, 13, 113, 941
What are the prime factors of 52036?
2, 13009
List the prime factors of 294028.
2, 7, 10501
What are the prime factors of 1103588?
2, 275897
List the prime factors of 157103.
157103
List the prime factors of 5274725.
5, 101, 2089
What are the prime factors of 416896?
2, 3257
List the prime factors of 7347368.
2, 7, 131203
List the prime factors of 9686489.
37, 389, 673
What are the prime factors of 179995?
5, 35999
List the prime factors of 189388.
2, 113, 419
List the prime factors of 10884034.
2, 7, 777431
What are the prime factors of 901480?
2, 5, 31, 727
What are the prime factors of 23772?
2, 3, 7, 283
List the prime factors of 2061110.
2, 5, 79, 2609
What are the prime factors of 7511788?
2, 113, 16619
What are the prime factors of 3016284?
2, 3, 157, 1601
What are the prime factors of 119232?
2, 3, 23
What are the prime factors of 2493736?
2, 7, 44531
List the prime factors of 174554.
2, 87277
List the prime factors of 1615948.
2, 127, 3181
List the prime factors of 126105.
3, 5, 7, 1201
What are the prime factors of 9380550?
2, 3, 5, 23, 2719
What are the prime factors of 1791057?
3, 83, 7193
What are the prime factors of 280995?
3, 5, 11, 13, 131
What are the prime factors of 1295181?
3, 143909
What are the prime factors of 741116?
2, 41, 4519
What are the prime factors of 1154698?
2, 577349
List the prime factors of 149415.
3, 5, 